test common divisor of 444 and i?
6
Suppose -127 + 112 + 477 = 7*m. Calculate the greatest common divisor of 3410 and m.
22
Suppose 64173 = 16*o + 9*o + 17973. What is the highest common divisor of 16 and o?
8
Let a = -170 + 165. Let f be (1/(a/40))/(2/(-3)). Calculate the highest common divisor of f and 372.
12
Let z(r) = -r**3 - 12*r**2 - 11*r + 6. Let n be z(-11). Suppose 10 = -j - 5*s, 3*s + 26 = 2*j - n. What is the greatest common divisor of 10 and j?
10
Suppose 3*s - 10*c - 686 = -9*c, -15*c = 4*s - 882. What is the greatest common factor of 304 and s?
76
Let i(d) be the third derivative of 0*d - 7/60*d**5 - 31*d**2 + 1/120*d**6 + d**3 + 1/3*d**4 + 0. Let k be i(6). What is the highest common divisor of k and 2?
2
Let b be (6 - 2 - 2) + 412. Suppose -10*f = -4*f - b. Suppose -5*j + f + 41 = 0. Calculate the highest common divisor of 11 and j.
11
Let c(s) = 15 - 3 + 82*s + 14 - 84*s. Let p be c(13). Suppose p = 4*k - 6*k + 130. Calculate the greatest common divisor of k and 26.
13
Let h(s) = 38*s + 7. Let g be h(2). Let n be (10/(-10))/((-1)/g). Let q be (n + -2)/(76/(-20) - -4). Calculate the highest common divisor of 45 and q.
45
Let y be (261/15 - 4/10) + 6. Suppose 10*h = y*h - 65. Suppose 60 = 5*d - 2*d. Calculate the greatest common divisor of h and d.
5
Suppose 16*i = 15*i - 3*w + 219, 0 = -3*w - 12. Let v(t) = 3*t**3 - 2*t + 1. Let j be v(2). What is the greatest common factor of j and i?
21
Suppose -25*p = -21*p - 20. Suppose p*h = d + 163, 3*h + d - 97 = 2*d. What is the highest common factor of h and 429?
33
Let r = 1101 - 781. Suppose -5*p - r - 800 = -5*i, -704 = -3*i - 5*p. Calculate the greatest common divisor of 12 and i.
12
Let i = -212 + 208. Let n be (50 + 4)/3 - i. Calculate the greatest common factor of 2 and n.
2
Let c = 69 + -67. Let o(p) = 3*p**2 - 3*p + 5. Let k be o(c). Suppose -3*f + f + 609 = 5*z, 6 = 3*f. Calculate the greatest common divisor of z and k.
11
Let c(i) = -i**3 + 14*i**2 - i + 44. Let w be c(15). Let d = w + 268. Calculate the greatest common divisor of 24 and d.
24
Let x(v) = 3*v**2 + 4*v - 4. Let h be x(-6). Suppose -97*p - 152*p + 26944 = 172*p. Calculate the highest common factor of p and h.
16
Let o be (-329)/94 - 182/(-4). What is the highest common divisor of 4242 and o?
42
Suppose -10*o + 14*o = 232. Suppose 6 = 250*j - 301*j + 210. Calculate the highest common factor of j and o.
2
Let c(r) = -1 - 6582*r**2 - 7 + 21*r + 6580*r**2. Let y be c(9). What is the greatest common factor of y and 1349?
19
Let s = 882 - 822. Calculate the greatest common divisor of s and 375.
15
Suppose 1559 = 10*s - 2821. Suppose 0 = -t - 2*h + 105, 4*t + 2*h - s = -0*h. Suppose 3*b = -63 + 285. Calculate the highest common divisor of t and b.
37
Let d be (10 - 552/60) + 30924/20 - 7. Calculate the greatest common divisor of d and 12980.
220
Let b = -86 + 110. Let o(g) = -g**3 + 21*g**2 + 75*g - 31. Let r be o(b). Calculate the greatest common factor of r and 656.
41
Suppose 8*z - 24647 + 22919 = 0. Calculate the greatest common divisor of 360 and z.
72
Suppose 0 = z - 5*l - 33, -3*z - 6*l + 68 = 74. Calculate the highest common divisor of z and 228.
4
Suppose 2*u - u - 24 = -m, 3*m - 56 = u. Let f(s) = s**2 - 20*s + 8. Let v be f(m). Calculate the greatest common factor of 20 and v.
4
Suppose 2600 = 2*j - 4*g + g, 3900 = 3*j - g. Suppose 57*v = 32*v + j. What is the highest common factor of v and 299?
13
Let o be (2 - -1*11)*8. Suppose -4*l = -3*m + m + 338, -5*m = 3*l - 845. Suppose u = 14*u - m. Calculate the highest common factor of u and o.
13
Suppose 5*n = -5*t + 525, -2*n + 104 = -6*t + 7*t. Suppose 18*z - 5565 = -3*z. Calculate the highest common divisor of z and t.
53
Suppose 8 = 5*b - q - 15, -5*b - 4*q = -8. Suppose -182 = -2*o + b*s, 47 - 31 = -4*s. Calculate the highest common divisor of 415 and o.
83
Suppose 53*l = 51*l - x + 87, 2*l - 93 = -3*x. Calculate the highest common factor of l and 1617.
21
Let i(h) = 2*h**2 - 182*h + 9216. Let n be i(0). What is the greatest common factor of 18 and n?
18
Suppose 40 = 5*d - 195. Suppose 0 = -4*h + 3*u + d, 3*h + 5 = -5*u + 33. Let n be 125*1 + (-13 - -9). What is the greatest common divisor of n and h?
11
Suppose 0 = f + 3*w - 23, 0*w + 4 = 4*w. Let u be 2691/138*(115/15 - 3 - -2). Calculate the greatest common divisor of f and u.
10
Let l = -1570 - -2058. What is the greatest common divisor of l and 8?
8
Let l(v) = -244*v - 14. Let o be -2 + -1 + 20/((-110)/(-11)). Let x be l(o). Calculate the highest common factor of x and 10.
10
Suppose 76*z = 82*z - 5*q - 105, 0 = z + 5*q. Calculate the highest common divisor of z and 9645.
15
Let k be 228/33 + (128/(-44) - -3). Suppose -k*g + 168 = -868. What is the greatest common factor of 4 and g?
4
Let y(c) = -30*c - 4. Let t be y(-6). Suppose -5*w = 21 + 14. Let u(n) = -n**2 - 11*n - 12. Let i be u(w). What is the greatest common divisor of i and t?
16
Suppose 3*g - 70 = 35. Let a = -20 + g. Suppose -504*n + 40 = -500*n. What is the highest common divisor of n and a?
5
Suppose 0*q = -3*c + q + 657, 0 = -4*q + 12. Let w(a) = -a**2 + 22*a + 4. Let j be w(16). Suppose 4*k + 20 = j. What is the greatest common divisor of c and k?
20
Let g(n) = -6*n + 71. Let w be g(11). Let x = -97 + 225. Suppose 0 = -v + w*v - x. Calculate the greatest common factor of v and 80.
16
Suppose 78*i - 31*i - 628480 - 734097 = 0. Calculate the highest common factor of 53 and i.
53
Let w be (25/(-50) - (-2)/(-4)) + 12088. Suppose -17097 - w = -32*h. What is the greatest common divisor of 24 and h?
24
Let w = 25 - 14. Let b(m) = -m**2 + 15*m + 4. Let g be b(w). Calculate the greatest common divisor of g and 144.
48
Suppose -1594 = -3*k - 5188. Let b = k - -1742. Calculate the highest common divisor of 32 and b.
32
Suppose 4*n - l - 1 = 156, 0 = 4*n - 4*l - 148. Let g be (30/4*-1)/(174/(-3016)). Calculate the greatest common divisor of n and g.
10
Let j = -754 - -841. Let c(k) = 21*k - 10. Let w be c(6). What is the greatest common divisor of j and w?
29
Suppose 2315 = 5*n - 5*d, 244 = -4*n + d + 2117. What is the greatest common divisor of 10 and n?
10
Suppose -5*m + 1430 = 5*g, 838 = 18*g - 15*g - m. Let z = g - 131. Let u(i) = 4*i**2 + i. Let f be u(-4). What is the highest common factor of z and f?
30
Let y = -240 + 242. Let q be 20/3*(131/y - 7). What is the highest common divisor of q and 10?
10
Let o = -6764 + 6776. Calculate the greatest common factor of 681 and o.
3
Let d(w) = 118*w - 362. Let n be d(4). Calculate the greatest common factor of n and 1265.
55
Suppose -11*l + 1869 = 208. Let k = -123 + l. What is the greatest common factor of k and 56?
28
Let y(f) = -60*f**2 + 245*f - 1. Let u be y(4). Calculate the greatest common divisor of 1007 and u.
19
Let t = 77 + 47. Suppose 0 = -57*h + 47*h + 1350. Let m = h - t. What is the highest common divisor of m and 99?
11
Let c be 326/14 + (-6)/21. Let x(s) = s**2 - 21*s - 7. Let a be x(c). Suppose -a = -4*t - 23. Calculate the greatest common divisor of 4 and t.
4
Let x be 1/(-1) - (50/(-15))/((-62)/(-93)). What is the greatest common divisor of 5788 and x?
4
Suppose 0 = c - 2*o + 64, -8*c - o = -3*c + 298. Let s be c*(5 + 232/(-40)). What is the greatest common divisor of 120 and s?
24
Let b be 87 - (6/(-18)*-15 + 2). What is the highest common divisor of b and 1188?
4
Let z = 0 + 1. Suppose 3*n + z - 364 = 0. Let x(j) = 437*j + 5692. Let m be x(-13). Calculate the highest common divisor of m and n.
11
Let i = 43210 - 43174. Suppose 235 = 4*s + 5*f, -5*f + 5 = 10. Calculate the highest common factor of s and i.
12
Suppose -5*o - 5*p = -635, o + o - 250 = 2*p. What is the highest common divisor of o and 10017?
63
Let t = -2 + 12. Let k(h) be the first derivative of 22*h**2 - 66*h - 17. Let q be k(4). What is the greatest common divisor of t and q?
10
Let x be 3*4/36*-3. Let g be (5 - (x - -1)) + 7. What is the greatest common factor of 222 and g?
6
Suppose -5*h = u - 8, -h + 13 = 4*u - 38. Suppose 8*g + 40 = u*g. Calculate the highest common factor of g and 40.
8
Suppose 0 = -2*t - 3*v + 12, v - 2 - 2 = -5*t. Suppose t = -2*r - 4*r + 72. Let m = 37 + -7. What is the highest common factor of r and m?
6
Suppose 3*l = 8*l + 5, -2*z + 58 = 2*l. Let s = 656 + -8708. Let r be 6/(-8) - (